{"id":4853,"date":"2024-05-08T13:24:15","date_gmt":"2024-05-08T11:24:15","guid":{"rendered":"https:\/\/miritglas.com\/?post_type=job&#038;p=4853"},"modified":"2024-06-21T00:33:20","modified_gmt":"2024-06-20T22:33:20","slug":"produktionsmedarbejder-2","status":"publish","type":"job","link":"https:\/\/miritglas.com\/da\/jobs\/produktionsmedarbejder-2\/","title":{"rendered":"Produktionsmedarbejder"},"content":{"rendered":"\t\t<div data-elementor-type=\"wp-post\" data-elementor-id=\"4853\" class=\"elementor elementor-4853\" data-elementor-post-type=\"job\">\n\t\t\t\t<div class=\"elementor-element elementor-element-3baa26a8 e-flex e-con-boxed e-con e-parent\" data-id=\"3baa26a8\" data-element_type=\"container\" data-e-type=\"container\">\n\t\t\t\t\t<div class=\"e-con-inner\">\n\t\t\t\t<div class=\"elementor-element elementor-element-49aa7221 elementor-widget elementor-widget-text-editor\" data-id=\"49aa7221\" data-element_type=\"widget\" data-e-type=\"widget\" data-widget_type=\"text-editor.default\">\n\t\t\t\t<div class=\"elementor-widget-container\">\n\t\t\t\t\t\t\t\t\t<p><strong>\u2022 Er du omhyggelig og pr\u00e6cis i dit arbejde?<\/strong><br \/><strong>\u2022 Kan du lide at arbejde med varierende opgaver?<\/strong><\/p><p>Vores virksomhed er i fremdrift, og vi har brug for yderligere kompetencer i vores team, og s\u00f8ger derfor en ny produktionsmedarbejder. Vi er et produktionsteam p\u00e5 14 medarbejdere inkl. elever, som arbejder t\u00e6t sammen om at forvandle kundens \u00f8nsker til professionelle speciall\u00f8sninger i glas.<\/p><p>Som vores nye produktionsmedarbejder kommer du til at k\u00f8re processen fra ordren kommer ind, og til den skal leveres. Du skal s\u00e5ledes have overblik over processerne, herunder kunne gennemskue, hvor mange kolleger, der skal p\u00e5 opgaven og hvorn\u00e5r. Kort sagt processtyring af ordren.<br \/>Du vil blive opl\u00e6rt i at arbejde med tryk og laminering p\u00e5 vores glasl\u00f8sninger, s\u00e5ledes du med tiden bliver vores specialist p\u00e5 dette omr\u00e5de. Du kommer ogs\u00e5 til at l\u00e6re at passe en robotcelle, der kan lave farvetryk samt pakke glas.<\/p><p>Dine prim\u00e6re opgaver bliver:<br \/><strong>\u2022 Lave silketryk p\u00e5 vores produkter<\/strong><br \/><strong>\u2022 Opstilling til b\u00f8jning af glas<\/strong><br \/><strong>\u2022 Laminere produkter<\/strong><br \/><strong>\u2022 Gennemf\u00f8re optiske m\u00e5linger<\/strong><br \/><strong>\u2022 Klarg\u00f8re og pakke glasset til forsendelse<\/strong><br \/><strong>\u2022 Deltage i optimeringen af kvalitet og output<\/strong><br \/><strong>\u2022 L\u00f8se forskellige ad hoc-opgaver og hj\u00e6lpe kolleger forskellige steder i produktionen.<\/strong><\/p><p>Da vi er et mindre team, er det vigtigt, at du er fleksibel og klar til at give en h\u00e5nd med hos kollegerne, n\u00e5r der er behov for det. Vi har et \u00f8nske om at kunne f\u00f8lge med kundernes behov og krav, hvorfor vi l\u00f8bende tilbyder kurser til vores medarbejdere, s\u00e5 du skal have lysten til at efteruddanne dig og deltage i kompetenceafklaring.<\/p><p>Dine kvalifikationer:<br \/><strong>\u2022 Du skal kunne arbejde i et meget omskifteligt milj\u00f8, hvor dagen sj\u00e6ldent ender som planlagt<\/strong><br \/><strong>\u2022 Din baggrund er evt. industri-\/procesoperat\u00f8r, industritekniker eller har relevant erfaring fra en produktion<\/strong><br \/><strong>\u2022 Du l\u00e6ser, taler og skriver dansk flydende. Taler og skriver du ogs\u00e5 tysk\/engelsk er det en fordel<\/strong><br \/><strong>\u2022 Du skal kunne arbejde struktureret, og kunne planl\u00e6gge dine opgaver<\/strong><br \/><strong>\u2022 Du er kvalitetsbevidst, og har sans for detaljen<\/strong><br \/><strong>\u2022 Du har flair for brugen af IT<\/strong><\/p><p>Endvidere er det vigtigt, at du kan l\u00e6se og forst\u00e5 tekniske tegninger, da vi arbejder meget efter tekniske tegninger.<\/p><p>Som person er du glad og positiv og har \u201dJa-hatten\u201d p\u00e5, n\u00e5r du kommer p\u00e5 arbejde. Vi er et team, som gerne hj\u00e6lper og inkluderer hinanden \u2013 i 2023 fik vi prisen \u201d\u00c5rets sociale virksomhed\u201d.<br \/>I vores arbejde har vi klimaforbedringer og CO2-reduktion for \u00f8je, hvorfor vi har valgt at have fokus p\u00e5 FN\u2019s verdensm\u00e5l vedr. \u201dSundhed &amp; trivsel\u201d, \u201dKvalitetsuddannelse\u201d, \u201dAnst\u00e6ndige job &amp; \u00f8konomisk v\u00e6kst\u201d samt \u201dAnsvarligt forbrug &amp; produktion\u201d, hvilket du skal kunne se dig selv i og vil v\u00e6re med til.<\/p><p>Stillingen er p\u00e5 fuldtid, og arbejdstiden er som udgangspunkt fra kl. 07.00. Arbejdsstedet er i Vojens.<br \/>P\u00e5 sigt kan stillingen evt. v\u00e6re p\u00e5 skiftehold.<\/p><p>Har du sp\u00f8rgsm\u00e5l vedr. stillingen, er du velkommen til at kontakte vores produktionschef Keld Lauridsen p\u00e5 tlf. 3698 6920.<\/p>\t\t\t\t\t\t\t\t<\/div>\n\t\t\t\t<\/div>\n\t\t\t\t\t<\/div>\n\t\t\t\t<\/div>\n\t\t<div class=\"elementor-element elementor-element-774a884 e-flex e-con-boxed e-con e-parent\" data-id=\"774a884\" data-element_type=\"container\" data-e-type=\"container\">\n\t\t\t\t\t<div class=\"e-con-inner\">\n\t\t\t\t<div class=\"elementor-element elementor-element-c3cff9d elementor-widget elementor-widget-button\" data-id=\"c3cff9d\" data-element_type=\"widget\" data-e-type=\"widget\" data-widget_type=\"button.default\">\n\t\t\t\t<div class=\"elementor-widget-container\">\n\t\t\t\t\t\t\t\t\t<div class=\"elementor-button-wrapper\">\n\t\t\t\t\t<a class=\"elementor-button elementor-button-link elementor-size-sm\" href=\"https:\/\/www.jobindex.dk\/vis-job\/h1467173\" target=\"_blank\" rel=\"noopener\">\n\t\t\t\t\t\t<span class=\"elementor-button-content-wrapper\">\n\t\t\t\t\t\t\t\t\t<span class=\"elementor-button-text\">Ans\u00f8g jobbet p\u00e5 Jobindex<\/span>\n\t\t\t\t\t<\/span>\n\t\t\t\t\t<\/a>\n\t\t\t\t<\/div>\n\t\t\t\t\t\t\t\t<\/div>\n\t\t\t\t<\/div>\n\t\t\t\t\t<\/div>\n\t\t\t\t<\/div>\n\t\t\t\t<\/div>\n\t\t","protected":false},"featured_media":0,"template":"","class_list":["post-4853","job","type-job","status-publish","hentry"],"acf":[],"_links":{"self":[{"href":"https:\/\/miritglas.com\/da\/wp-json\/wp\/v2\/job\/4853","targetHints":{"allow":["GET"]}}],"collection":[{"href":"https:\/\/miritglas.com\/da\/wp-json\/wp\/v2\/job"}],"about":[{"href":"https:\/\/miritglas.com\/da\/wp-json\/wp\/v2\/types\/job"}],"version-history":[{"count":15,"href":"https:\/\/miritglas.com\/da\/wp-json\/wp\/v2\/job\/4853\/revisions"}],"predecessor-version":[{"id":4907,"href":"https:\/\/miritglas.com\/da\/wp-json\/wp\/v2\/job\/4853\/revisions\/4907"}],"wp:attachment":[{"href":"https:\/\/miritglas.com\/da\/wp-json\/wp\/v2\/media?parent=4853"}],"curies":[{"name":"wp","href":"https:\/\/api.w.org\/{rel}","templated":true}]}}

<div data-elementor-type="wp-post" data-elementor-id="4853" class="elementor elementor-4853" data-elementor-post-type="job">
				<div class="elementor-element elementor-element-3baa26a8 e-flex e-con-boxed e-con e-parent" data-id="3baa26a8" data-element_type="container" data-e-type="container">
					<div class="e-con-inner">
				<div class="elementor-element elementor-element-49aa7221 elementor-widget elementor-widget-text-editor" data-id="49aa7221" data-element_type="widget" data-e-type="widget" data-widget_type="text-editor.default">
				<div class="elementor-widget-container">
									<p><strong>• Er du omhyggelig og præcis i dit arbejde?</strong><br /><strong>• Kan du lide at arbejde med varierende opgaver?</strong></p><p>Vores virksomhed er i fremdrift, og vi har brug for yderligere kompetencer i vores team, og søger derfor en ny produktionsmedarbejder. Vi er et produktionsteam på 14 medarbejdere inkl. elever, som arbejder tæt sammen om at forvandle kundens ønsker til professionelle specialløsninger i glas.</p><p>Som vores nye produktionsmedarbejder kommer du til at køre processen fra ordren kommer ind, og til den skal leveres. Du skal således have overblik over processerne, herunder kunne gennemskue, hvor mange kolleger, der skal på opgaven og hvornår. Kort sagt processtyring af ordren.<br />Du vil blive oplært i at arbejde med tryk og laminering på vores glasløsninger, således du med tiden bliver vores specialist på dette område. Du kommer også til at lære at passe en robotcelle, der kan lave farvetryk samt pakke glas.</p><p>Dine primære opgaver bliver:<br /><strong>• Lave silketryk på vores produkter</strong><br /><strong>• Opstilling til bøjning af glas</strong><br /><strong>• Laminere produkter</strong><br /><strong>• Gennemføre optiske målinger</strong><br /><strong>• Klargøre og pakke glasset til forsendelse</strong><br /><strong>• Deltage i optimeringen af kvalitet og output</strong><br /><strong>• Løse forskellige ad hoc-opgaver og hjælpe kolleger forskellige steder i produktionen.</strong></p><p>Da vi er et mindre team, er det vigtigt, at du er fleksibel og klar til at give en hånd med hos kollegerne, når der er behov for det. Vi har et ønske om at kunne følge med kundernes behov og krav, hvorfor vi løbende tilbyder kurser til vores medarbejdere, så du skal have lysten til at efteruddanne dig og deltage i kompetenceafklaring.</p><p>Dine kvalifikationer:<br /><strong>• Du skal kunne arbejde i et meget omskifteligt miljø, hvor dagen sjældent ender som planlagt</strong><br /><strong>• Din baggrund er evt. industri-/procesoperatør, industritekniker eller har relevant erfaring fra en produktion</strong><br /><strong>• Du læser, taler og skriver dansk flydende. Taler og skriver du også tysk/engelsk er det en fordel</strong><br /><strong>• Du skal kunne arbejde struktureret, og kunne planlægge dine opgaver</strong><br /><strong>• Du er kvalitetsbevidst, og har sans for detaljen</strong><br /><strong>• Du har flair for brugen af IT</strong></p><p>Endvidere er det vigtigt, at du kan læse og forstå tekniske tegninger, da vi arbejder meget efter tekniske tegninger.</p><p>Som person er du glad og positiv og har ”Ja-hatten” på, når du kommer på arbejde. Vi er et team, som gerne hjælper og inkluderer hinanden – i 2023 fik vi prisen ”Årets sociale virksomhed”.<br />I vores arbejde har vi klimaforbedringer og CO2-reduktion for øje, hvorfor vi har valgt at have fokus på FN’s verdensmål vedr. ”Sundhed &amp; trivsel”, ”Kvalitetsuddannelse”, ”Anstændige job &amp; økonomisk vækst” samt ”Ansvarligt forbrug &amp; produktion”, hvilket du skal kunne se dig selv i og vil være med til.</p><p>Stillingen er på fuldtid, og arbejdstiden er som udgangspunkt fra kl. 07.00. Arbejdsstedet er i Vojens.<br />På sigt kan stillingen evt. være på skiftehold.</p><p>Har du spørgsmål vedr. stillingen, er du velkommen til at kontakte vores produktionschef Keld Lauridsen på tlf. 3698 6920.</p>								</div>
				</div>
					</div>
				</div>
		<div class="elementor-element elementor-element-774a884 e-flex e-con-boxed e-con e-parent" data-id="774a884" data-element_type="container" data-e-type="container">
					<div class="e-con-inner">
				<div class="elementor-element elementor-element-c3cff9d elementor-widget elementor-widget-button" data-id="c3cff9d" data-element_type="widget" data-e-type="widget" data-widget_type="button.default">
				<div class="elementor-widget-container">
									<div class="elementor-button-wrapper">
					<a class="elementor-button elementor-button-link elementor-size-sm" href="https://www.jobindex.dk/vis-job/h1467173" target="_blank" rel="noopener">
						<span class="elementor-button-content-wrapper">
									<span class="elementor-button-text">Ansøg jobbet på Jobindex</span>
					</span>
					</a>
				</div>
								</div>
				</div>
					</div>
				</div>
				</div>
